3 - 51*c**2 + 301*c + 59. Give s(7).
10
Let j(c) = -c**3 + 11*c**2 + 11*c - 229. Give j(10).
-19
Let t(f) = 3*f**2 - 207*f + 13. Give t(69).
13
Let t(m) = -m**2 + 30*m - 255. What is t(21)?
-66
Let y(c) = 1228*c - 41718. Give y(34).
34
Let f(y) = -y**2 - 297*y + 1503. Give f(5).
-7
Let i(h) = h**3 + 86*h**2 + 1592*h - 13. Give i(-27).
14
Let p(j) = 21*j**2 - 3*j + 9. What is p(2)?
87
Let o(k) = -34*k**3 + 2*k**2. Give o(1).
-32
Let z(c) = -9*c + 180. Give z(19).
9
Let g(v) = -2*v**2 - 1676*v - 3353. Calculate g(-2).
-9
Let t(n) = n**2 + 64*n - 1380. Give t(-81).
-3
Let s(r) = -4820*r - 43380. Give s(-9).
0
Let z(m) = 172*m + 324. Give z(-2).
-20
Let z(u) = -u**2 - 166*u + 1174. What is z(7)?
-37
Let k(u) = 11*u + 62. Give k(-4).
18
Let t(k) = -11*k**2 - 174*k + 12. Give t(-16).
-20
Let g(q) = -2*q**3 - 19*q**2 + 36*q + 196. Determine g(-8).
-284
Let o(l) = -322*l - 1711. Determine o(-5).
-101
Let b(v) = -v**3 + 20*v**2 - 98*v + 45. What is b(7)?
-4
Let d(j) = j**2 - 2*j - 17. Determine d(-11).
126
Let i(q) = 2*q**2 + 3*q + 28. What is i(0)?
28
Let f(d) = d**2 + 40*d + 69. Give f(-11).
-250
Let z(c) = -c**2 - 7473*c - 14940. Determine z(-2).
2
Let i(u) = u**3 - 25*u**2 + 178*u - 542. Determine i(16).
2
Let m(y) = 25*y + 6. Determine m(-3).
-69
Let z(g) = 4*g**2 - 1389*g - 2788. Give z(-2).
6
Let g(z) = 18*z**3 - 10*z**2 + 18*z - 6. Calculate g(2).
134
Let a(o) = -6*o**2 + 19*o + 85. What is a(-4)?
-87
Let n(a) = -3*a**3 + 30*a**2 + 29*a - 472. Give n(9).
32
Let k(t) = 2153*t - 101186. Give k(47).
5
Let l(z) = -8*z**2 - 57*z + 629. Calculate l(6).
-1
Let p(l) = l**3 + 26*l**2 + 22*l - 31. Determine p(-25).
44
Let x(h) = -h**3 + 11*h**2 + 30*h - 7. What is x(13)?
45
Let h(z) = -7*z**3 - 4*z + 7. What is h(4)?
-457
Let j(r) = -2*r**3 + 26*r**2 - 58*r + 66. Determine j(11).
-88
Let w(h) = 62*h - 2309. Give w(37).
-15
Let r(q) = -3858*q + 11632. Calculate r(3).
58
Let o(u) = -u**3 - 11*u**2 + 53*u - 14. Calculate o(4).
-42
Let p(l) = 158*l + 11209. What is p(-71)?
-9
Let y(n) = -3*n**3 + 2*n**2 - 16*n - 42. What is y(0)?
-42
Let r(g) = 12*g**3 - 178*g**2 - 32*g + 34. Calculate r(15).
4
Let r(f) = 41*f + 707. Give r(-20).
-113
Let g(w) = 13*w + 117. What is g(29)?
494
Let v(s) = 17*s + 540. Give v(-35).
-55
Let u(b) = 14*b + 168. Calculate u(-11).
14
Let t(p) = p**3 - 3*p**2 + 3*p - 7. Determine t(2).
-5
Let k(o) = -662*o + 13252. Calculate k(20).
12
Let t(p) = p**2 + 348*p + 28681. Give t(-134).
5
Let z(v) = -587*v - 29938. Determine z(-51).
-1
Let f(w) = w**3 - 35*w**2 + 55*w - 439. Calculate f(33).
-802
Let y(o) = -o**3 + 4*o**2 + 906*o - 326. Calculate y(32).
-6
Let b(i) = -133*i**2 + 14*i + 30. Give b(-2).
-530
Let y(o) = -315*o + 35889. What is y(114)?
-21
Let f(r) = -5*r**2 - 27*r + 22. Determine f(7).
-412
Let u(c) = 161*c - 9640. Give u(60).
20
Let i(s) = -14*s + 117. What is i(8)?
5
Let t(g) = 8*g**2 + 20*g - 85. Calculate t(4).
123
Let r(o) = -o**3 + o**2 + 77*o + 213. Determine r(-6).
3
Let l(j) = -j**2 - 13*j + 18. Give l(3).
-30
Let w(i) = 4*i**3 + 70*i**2 + 36*i + 12. Determine w(-17).
-22
Let c(v) = 31*v**2 - 54*v - 10. Calculate c(2).
6
Let b(z) = 252*z + 507. Give b(-2).
3
Let u(f) = -f**3 + f**2 + 69*f + 202. Calculate u(10).
-8
Let g(r) = 44*r + 499. Calculate g(-9).
103
Let n(k) = k**3 - 4*k**2 - 40*k + 39. Determine n(7).
-94
Let l(m) = -16*m - 415. What is l(-28)?
33
Let t(d) = d**3 + 26*d**2 - 68*d - 1129. Determine t(-27).
-22
Let i(n) = -67*n + 780. What is i(12)?
-24
Let d(h) = 26*h + 457. What is d(-15)?
67
Let y(g) = -2731*g - 38246. Give y(-14).
-12
Let n(v) = v**3 + 64*v**2 + 65*v + 104. What is n(-63)?
-22
Let a(w) = 2*w**2 - 32*w + 33. Determine a(4).
-63
Let i(q) = 2*q**3 - 51*q**2 - 89*q + 113. Calculate i(27).
-103
Let z(y) = -34*y + 126. Determine z(5).
-44
Let t(g) = 2*g**3 + 160*g**2 + 312*g - 17. Give t(-78).
-17
Let j(x) = 2*x**2 - 154*x - 871. Determine j(-6).
125
Let j(c) = -c**2 + 50*c - 508. Calculate j(14).
-4
Let w(m) = -92*m - 1279. Calculate w(-13).
-83
Let w(z) = z**3 + 46*z**2 + 19*z + 858. Determine w(-46).
-16
Let u(b) = b**3 + 6*b**2 - 45*b - 262. What is u(-7)?
4
Let w(p) = 800*p + 9602. Calculate w(-12).
2
Let o(k) = -4*k**2 - 51*k - 61. Calculate o(-11).
16
Let c(s) = -s**3 - 7*s**2 - 190*s - 1330. Give c(-7).
0
Let i(r) = -7*r - 103. Calculate i(12).
-187
Let o(u) = u**3 + 8*u**2 + 2*u - 78. Give o(-7).
-43
Let c(t) = -2*t**3 - 14*t**2 - 249. What is c(-8)?
-121
Let x(s) = -s**3 - 2*s**2 + 28*s + 77. Give x(-5).
12
Let t(b) = -b**3 - 440*b**2 - 48236*b - 1030. Give t(-207).
5
Let g(q) = -23*q**2 - 24*q + 67. What is g(-3)?
-68
Let w(d) = -d**3 + 10*d**2 - 521*d + 5828. Calculate w(11).
-24
Let b(m) = -372*m - 4825. Calculate b(-13).
11
Let w(c) = 43*c + 667. Determine w(-14).
65
Let b(f) = f**2 + 256*f + 76. Determine b(0).
76
Let x(r) = -12*r - 195. Determine x(-18).
21
Let z(x) = 2*x**3 - 192*x**2 - 192*x - 189. What is z(97)?
5
Let s(f) = -673*f + 167. Calculate s(-1).
840
Let k(q) = q**3 - 96*q**2 - 100*q + 316. Determine k(97).
25
Let q(s) = -s**3 - s**2 + 4*s - 73. Calculate q(0).
-73
Let r(t) = t**3 + 31*t**2 + 213*t - 144. Determine r(-20).
-4
Let n(w) = -3*w**3 + 24*w**2 - 39*w + 235. What is n(8)?
-77
Let p(b) = -b**3 - 13*b**2 + 44*b - 36. What is p(-16)?
28
Let h(o) = 111*o - 1897. Determine h(17).
-10
Let g(k) = k**2 - 9*k + 60. Determine g(4).
40
Let p(c) = 211*c + 3580. Calculate p(-17).
-7
Let s(q) = q**3 - 32*q**2 + 41*q - 301. Determine s(31).
9
Let g(c) = c**2 + 50. What is g(11)?
171
Let f(v) = 17*v**2 - 12*v + 17. Determine f(5).
382
Let o(d) = -415*d - 2057. Give o(-5).
18
Let m(z) = 91*z + 284. Calculate m(-4).
-80
Let y(m) = 186*m - 93. What is y(1)?
93
Let n(l) = -514*l - 26221. What is n(-51)?
-7
Let s(i) = -34*i + 412. Determine s(13).
-30
Let i(m) = -m**3 + 7*m**2 - 14*m + 204. Calculate i(8).
28
Let a(y) = 676*y + 1329. Determine a(-2).
-23
Let d(p) = -48*p + 2820. Calculate d(57).
84
Let q(w) = -41*w**3 + 9*w - 20. Give q(2).
-330
Let r(v) = v**2 + 41*v + 11. Calculate r(-10).
-299
Let w(l) = -24*l**3 + 5*l**2 - 9*l + 5. Calculate w(2).
-185
Let b(s) = s**3 - 14*s**2 - 33*s + 18. Calculate b(16).
2
Let n(u) = -1949*u + 29243. Calculate n(15).
8
Let g(d) = 21*d**2 + 23*d. Give g(-5).
410
Let o(p) = -p**2 - 5*p - 50. Determine o(-12).
-134
Let o(v) = 237*v - 1483. Calculate o(7).
176
Let z(h) = h**3 - 22*h**2 + 105*h - 49. Determine z(6).
5
Let s(c) = -c**2 + 793*c - 2368. What is s(3)?
2
Let n(u) = -5*u**2 + 33*u - 18. What is n(6)?
0
Let v(j) = -10*j**2 - 16*j + 15. Calculate v(1).
-11
Let s(f) = 8*f**2 - 164*f. Calculate s(20).
-80
Let p(d) = -2*d**2 + 25*d + 60. Give p(14).
18
Let j(r) = 8*r - 568. Determine j(62).
-72
Let s(h) = h**3 + 6*h**2 + 11*h + 2. Calculate s(-3).
-4
Let z(l) = l**3 - 114*l**2 - 477*l + 579. Give z(118).
-11
Let u(g) = -32*g - 1167. Determine u(-36).
-15
Let a(z) = z**3 + 57*z**2 - 38*z + 1181. Give a(-58).
21
Let a(h) = 3*h**3 - 18*h**2 + h + 19. Calculate a(8).
411
Let p(b) = b**3 + 31*b**2 - 55*b + 347. What is p(-33)?
-16
Let v(l) = -1122*l - 70684. Calculate v(-63).
2
Let r(y) = 3*y**3 + 3*y**2 + 7*y - 20. Give r(4).
248
Let y(p) = -6*p**2 - 26*p + 3. Determine y(-6).
-57
Let v(z) = z**2 + 85*z - 710. Give v(8).
34
Let b(t) = 329*t**2 + 32*t - 32. Determine b(1).
329
Let q(r) = r**3 - 22*r**2 - 35*r - 1133. Determine q(25).
-133
Let b(r) = -r**2 - 45*r - 338. Give b(-36).
-14
Let z(w) = w**3 + 7*w**2 - 3*w - 9. Determine z(-8).
-49
Let o(h) = -63*h + 1010. Calculate o(16).
2
Let f(a) = -220*a - 8357. Give f(-38).
3
Let f(o) = 10*o - 325. What is f(31)?
-15
Let l(y) = -7*y**2 - 49*y - 74. What is l(-2)?
-4
Let c(q) = 7*q**3 + 160*q**2 + 7*q + 694. What is c(-23)?
4
Let m(a) = -a**3 + 7*a**2 + 126*a - 1031. Determine m(9).
-59
Let o(l) = 1767*l - 53049. Calculate o(30).
-39
Let n(b) = 35*b - 546. Determine n(15).
-21
Let a(g) = -2*g**2 + 393*g + 1198. Give a(-3).
1
Let n(o) = -209*o - 3157. Calculate n(-15).
-22
Let y(q) = 89*q + 11121. Calculate y(-125).
-4
Let g(k) = 7*k**2 - 128*k + 28. Determine g(18).
-8
Let w(l) = 2*l**3 + 4*l**2 - 18*l - 45. What is w(-2)?
-9
Let u(t) = -2*t**3 + 71*t**2 - 36*t - 11. Determine u(35).
-46
Let z(w) = w**3 - 4*w**2 - 27*w + 81. Give z(8).
121
Let v(b) = -20*b - 851. Give v(-33).
-191
Let c(t)